{"id":112,"date":"2022-08-09T21:55:55","date_gmt":"2022-08-09T21:55:55","guid":{"rendered":"http:\/\/www.amppperu.com\/?page_id=112"},"modified":"2022-09-15T23:18:12","modified_gmt":"2022-09-16T04:18:12","slug":"pipeline-industry","status":"publish","type":"page","link":"https:\/\/www.amppperu.com\/index.php\/pipeline-industry\/","title":{"rendered":"Pipeline Industry"},"content":{"rendered":"\n<div class=\"wp-block-columns is-layout-flex wp-container-core-columns-is-layout-9d6595d7 wp-block-columns-is-layout-flex\">\n<div class=\"wp-block-column is-layout-flow wp-block-column-is-layout-flow\">\n<h2 class=\"wp-block-heading\"><strong>Industria de las Tuber\u00edas<\/strong><\/h2>\n\n\n\n<p>Las tuber\u00edas sin protecci\u00f3n, ya sea enterradas en el suelo, expuestas a la atm\u00f3sfera o sumergidas en agua, deben recibir un mantenimiento adecuado y protegerse contra la corrosi\u00f3n.<\/p>\n<\/div>\n\n\n\n<div class=\"wp-block-column is-layout-flow wp-block-column-is-layout-flow\"><div class=\"wp-block-image\">\n<figure class=\"aligncenter size-full\"><img loading=\"lazy\" decoding=\"async\" width=\"600\" height=\"304\" src=\"https:\/\/www.amppperu.com\/wp-content\/uploads\/2022\/09\/pipeline-summary.jpg\" alt=\"\" class=\"wp-image-607\" srcset=\"https:\/\/www.amppperu.com\/wp-content\/uploads\/2022\/09\/pipeline-summary.jpg 600w, https:\/\/www.amppperu.com\/wp-content\/uploads\/2022\/09\/pipeline-summary-300x152.jpg 300w\" sizes=\"auto, (max-width: 600px) 100vw, 600px\" \/><\/figure>\n<\/div><\/div>\n<\/div>\n","protected":false},"excerpt":{"rendered":"<p>Industria de las Tuber\u00edas Las tuber\u00edas sin protecci\u00f3n, ya sea enterradas en el suelo, expuestas a la atm\u00f3sfera o sumergidas en agua, deben recibir un mantenimiento adecuado y protegerse contra la corrosi\u00f3n.<\/p>\n","protected":false},"author":1,"featured_media":0,"parent":0,"menu_order":0,"comment_status":"closed","ping_status":"closed","template":"","meta":{"footnotes":""},"class_list":["post-112","page","type-page","status-publish","hentry"],"_links":{"self":[{"href":"https:\/\/www.amppperu.com\/index.php\/wp-json\/wp\/v2\/pages\/112","targetHints":{"allow":["GET"]}}],"collection":[{"href":"https:\/\/www.amppperu.com\/index.php\/wp-json\/wp\/v2\/pages"}],"about":[{"href":"https:\/\/www.amppperu.com\/index.php\/wp-json\/wp\/v2\/types\/page"}],"author":[{"embeddable":true,"href":"https:\/\/www.amppperu.com\/index.php\/wp-json\/wp\/v2\/users\/1"}],"replies":[{"embeddable":true,"href":"https:\/\/www.amppperu.com\/index.php\/wp-json\/wp\/v2\/comments?post=112"}],"version-history":[{"count":4,"href":"https:\/\/www.amppperu.com\/index.php\/wp-json\/wp\/v2\/pages\/112\/revisions"}],"predecessor-version":[{"id":609,"href":"https:\/\/www.amppperu.com\/index.php\/wp-json\/wp\/v2\/pages\/112\/revisions\/609"}],"wp:attachment":[{"href":"https:\/\/www.amppperu.com\/index.php\/wp-json\/wp\/v2\/media?parent=112"}],"curies":[{"name":"wp","href":"https:\/\/api.w.org\/{rel}","templated":true}]}}