{"id":31,"date":"2022-08-08T23:07:00","date_gmt":"2022-08-08T23:07:00","guid":{"rendered":"http:\/\/www.amppperu.com\/?page_id=31"},"modified":"2022-08-10T01:02:29","modified_gmt":"2022-08-10T01:02:29","slug":"membresia","status":"publish","type":"page","link":"https:\/\/www.amppperu.com\/index.php\/membresia\/","title":{"rendered":"Membresia"},"content":{"rendered":"\n<h3 class=\"has-text-align-center wp-block-heading\"><strong>Acerca de la membres\u00eda de AMPP<\/strong><\/h3>\n\n\n\n<div class=\"wp-block-columns is-layout-flex wp-container-core-columns-is-layout-9d6595d7 wp-block-columns-is-layout-flex\">\n<div class=\"wp-block-column is-layout-flow wp-block-column-is-layout-flow\">\n<p style=\"font-size:16px\">Representando a m\u00e1s de 37,000 miembros en m\u00e1s de 140 pa\u00edses, AMPP (NACE + SSPC) es reconocida mundialmente como la principal autoridad para soluciones de control de corrosi\u00f3n en todas las principales industrias.\u00a0AMPP ofrece capacitaci\u00f3n t\u00e9cnica y certificaciones, conferencias, publicaciones y acceso a una red global de l\u00edderes de pensamiento de la industria.<\/p>\n\n\n\n<p style=\"font-size:16px\">Como miembro de AMPP, te unes a una sociedad dedicada a los \u00faltimos m\u00e9todos de prevenci\u00f3n y control de la corrosi\u00f3n.\u00a0Sus beneficios de membres\u00eda le brindan nueva tecnolog\u00eda, investigaci\u00f3n reconocida internacionalmente y una red de pares que lo mantienen actualizado en su industria.<\/p>\n<\/div>\n\n\n\n<div class=\"wp-block-column is-vertically-aligned-center is-layout-flow wp-block-column-is-layout-flow\">\n<figure class=\"wp-block-image size-full\"><img loading=\"lazy\" decoding=\"async\" width=\"768\" height=\"487\" src=\"http:\/\/www.amppperu.com\/wp-content\/uploads\/2022\/08\/Reuniones-1-768x487-1.jpg\" alt=\"\" class=\"wp-image-156\" srcset=\"https:\/\/www.amppperu.com\/wp-content\/uploads\/2022\/08\/Reuniones-1-768x487-1.jpg 768w, https:\/\/www.amppperu.com\/wp-content\/uploads\/2022\/08\/Reuniones-1-768x487-1-300x190.jpg 300w\" sizes=\"auto, (max-width: 768px) 100vw, 768px\" \/><\/figure>\n<\/div>\n<\/div>\n\n\n\n<div class=\"wp-block-columns is-layout-flex wp-container-core-columns-is-layout-9d6595d7 wp-block-columns-is-layout-flex\">\n<div class=\"wp-block-column is-vertically-aligned-center is-layout-flow wp-block-column-is-layout-flow\">\n<p class=\"has-black-color has-text-color\"><strong><a rel=\"noreferrer noopener\" href=\"http:\/\/www.amppperu.com\/index.php\/membresia-individual\/\" target=\"_blank\">Membres\u00eda Individual<\/a> <\/strong><\/p>\n\n\n\n<p class=\"has-black-color has-text-color\"><strong><a href=\"http:\/\/www.amppperu.com\/index.php\/membresia-corporativa\/\" target=\"_blank\" rel=\"noreferrer noopener\">Membres\u00eda Corporativa<\/a><\/strong><\/p>\n<\/div>\n\n\n\n<div class=\"wp-block-column is-layout-flow wp-block-column-is-layout-flow\">\n<figure class=\"wp-block-image size-large\"><img loading=\"lazy\" decoding=\"async\" width=\"1024\" height=\"577\" src=\"http:\/\/www.amppperu.com\/wp-content\/uploads\/2022\/08\/20220701_181500-1024x577.jpg\" alt=\"\" class=\"wp-image-161\" srcset=\"https:\/\/www.amppperu.com\/wp-content\/uploads\/2022\/08\/20220701_181500-1024x577.jpg 1024w, https:\/\/www.amppperu.com\/wp-content\/uploads\/2022\/08\/20220701_181500-300x169.jpg 300w, https:\/\/www.amppperu.com\/wp-content\/uploads\/2022\/08\/20220701_181500-768x432.jpg 768w, https:\/\/www.amppperu.com\/wp-content\/uploads\/2022\/08\/20220701_181500-1536x865.jpg 1536w, https:\/\/www.amppperu.com\/wp-content\/uploads\/2022\/08\/20220701_181500-2048x1153.jpg 2048w\" sizes=\"auto, (max-width: 1024px) 100vw, 1024px\" \/><\/figure>\n<\/div>\n<\/div>\n","protected":false},"excerpt":{"rendered":"<p>Acerca de la membres\u00eda de AMPP Representando a m\u00e1s de 37,000 miembros en m\u00e1s de 140 pa\u00edses, AMPP (NACE + SSPC) es reconocida mundialmente como la principal autoridad para soluciones de control de corrosi\u00f3n en todas las principales industrias.\u00a0AMPP ofrece capacitaci\u00f3n t\u00e9cnica y certificaciones, conferencias, publicaciones y acceso a una red global de l\u00edderes de [&hellip;]<\/p>\n","protected":false},"author":1,"featured_media":0,"parent":0,"menu_order":0,"comment_status":"closed","ping_status":"closed","template":"","meta":{"footnotes":""},"class_list":["post-31","page","type-page","status-publish","hentry"],"_links":{"self":[{"href":"https:\/\/www.amppperu.com\/index.php\/wp-json\/wp\/v2\/pages\/31","targetHints":{"allow":["GET"]}}],"collection":[{"href":"https:\/\/www.amppperu.com\/index.php\/wp-json\/wp\/v2\/pages"}],"about":[{"href":"https:\/\/www.amppperu.com\/index.php\/wp-json\/wp\/v2\/types\/page"}],"author":[{"embeddable":true,"href":"https:\/\/www.amppperu.com\/index.php\/wp-json\/wp\/v2\/users\/1"}],"replies":[{"embeddable":true,"href":"https:\/\/www.amppperu.com\/index.php\/wp-json\/wp\/v2\/comments?post=31"}],"version-history":[{"count":9,"href":"https:\/\/www.amppperu.com\/index.php\/wp-json\/wp\/v2\/pages\/31\/revisions"}],"predecessor-version":[{"id":163,"href":"https:\/\/www.amppperu.com\/index.php\/wp-json\/wp\/v2\/pages\/31\/revisions\/163"}],"wp:attachment":[{"href":"https:\/\/www.amppperu.com\/index.php\/wp-json\/wp\/v2\/media?parent=31"}],"curies":[{"name":"wp","href":"https:\/\/api.w.org\/{rel}","templated":true}]}}