{"id":668,"date":"2023-03-01T20:56:32","date_gmt":"2023-03-02T01:56:32","guid":{"rendered":"https:\/\/www.amppperu.com\/?page_id=668"},"modified":"2025-08-07T20:20:26","modified_gmt":"2025-08-08T01:20:26","slug":"programa","status":"publish","type":"page","link":"https:\/\/www.amppperu.com\/index.php\/programa\/","title":{"rendered":"Programa"},"content":{"rendered":"\n<h2 class=\"wp-block-heading has-text-align-center\">PROGRAMA TECNICO TDCS-2025<\/h2>\n\n\n\n<p>El <strong>Three Days Corrosion Show 2025<\/strong> es el evento t\u00e9cnico m\u00e1s importante del a\u00f1o en el \u00e1mbito de la protecci\u00f3n contra la corrosi\u00f3n en Latinoam\u00e9rica. Durante tres d\u00edas consecutivos, reunimos a expertos nacionales e internacionales, empresas l\u00edderes, instituciones acad\u00e9micas y profesionales del sector para compartir conocimientos, experiencias y soluciones innovadoras frente a los desaf\u00edos que representa la corrosi\u00f3n en la industria.<\/p>\n\n\n\n<p>El programa ha sido dise\u00f1ado para ofrecer una experiencia integral que combina <strong>conferencias magistrales<\/strong>, <strong>presentaciones t\u00e9cnicas<\/strong>, <strong>paneles especializados<\/strong> y una <strong>exposici\u00f3n comercial interactiva<\/strong>, cubriendo temas clave como recubrimientos, protecci\u00f3n cat\u00f3dica, inspecci\u00f3n, normativa, nuevas tecnolog\u00edas y casos de \u00e9xito en diversos sectores industriales.<\/p>\n\n\n\n<p>Este evento es una plataforma \u00fanica para el aprendizaje, la actualizaci\u00f3n profesional y el networking t\u00e9cnico-comercial, impulsando el desarrollo sostenible y la mejora continua de las pr\u00e1cticas anticorrosivas en la regi\u00f3n.<\/p>\n\n\n\n<div class=\"wp-block-buttons is-content-justification-center is-layout-flex wp-container-core-buttons-is-layout-16018d1d wp-block-buttons-is-layout-flex\">\n<div class=\"wp-block-button\"><a class=\"wp-block-button__link has-white-color has-vivid-red-background-color has-text-color has-background has-link-color has-text-align-center wp-element-button\" href=\"https:\/\/www.amppperu.com\/wp-content\/uploads\/2025\/08\/PROGRAMA-THREE-DAYS-CORROSION-SHOW-2025.pdf\" target=\"_blank\" rel=\"noreferrer noopener\"><strong>Programa TDCS-2025<\/strong> <\/a><\/div>\n<\/div>\n\n\n\n<p><\/p>\n\n\n<div class=\"wp-block-image\">\n<figure class=\"aligncenter size-large is-resized\"><img loading=\"lazy\" decoding=\"async\" width=\"731\" height=\"1024\" src=\"https:\/\/www.amppperu.com\/wp-content\/uploads\/2025\/01\/AMPP-TGP-731x1024.jpg\" alt=\"\" class=\"wp-image-902\" style=\"width:500px;height:auto\" srcset=\"https:\/\/www.amppperu.com\/wp-content\/uploads\/2025\/01\/AMPP-TGP-731x1024.jpg 731w, https:\/\/www.amppperu.com\/wp-content\/uploads\/2025\/01\/AMPP-TGP-214x300.jpg 214w, https:\/\/www.amppperu.com\/wp-content\/uploads\/2025\/01\/AMPP-TGP-768x1077.jpg 768w, https:\/\/www.amppperu.com\/wp-content\/uploads\/2025\/01\/AMPP-TGP-1096x1536.jpg 1096w, https:\/\/www.amppperu.com\/wp-content\/uploads\/2025\/01\/AMPP-TGP-1461x2048.jpg 1461w, https:\/\/www.amppperu.com\/wp-content\/uploads\/2025\/01\/AMPP-TGP-scaled.jpg 1826w\" sizes=\"auto, (max-width: 731px) 100vw, 731px\" \/><\/figure>\n<\/div>","protected":false},"excerpt":{"rendered":"<p>PROGRAMA TECNICO TDCS-2025 El Three Days Corrosion Show 2025 es el evento t\u00e9cnico m\u00e1s importante del a\u00f1o en el \u00e1mbito de la protecci\u00f3n contra la corrosi\u00f3n en Latinoam\u00e9rica. Durante tres d\u00edas consecutivos, reunimos a expertos nacionales e internacionales, empresas l\u00edderes, instituciones acad\u00e9micas y profesionales del sector para compartir conocimientos, experiencias y soluciones innovadoras frente a [&hellip;]<\/p>\n","protected":false},"author":1,"featured_media":0,"parent":0,"menu_order":0,"comment_status":"closed","ping_status":"closed","template":"","meta":{"footnotes":""},"class_list":["post-668","page","type-page","status-publish","hentry"],"_links":{"self":[{"href":"https:\/\/www.amppperu.com\/index.php\/wp-json\/wp\/v2\/pages\/668","targetHints":{"allow":["GET"]}}],"collection":[{"href":"https:\/\/www.amppperu.com\/index.php\/wp-json\/wp\/v2\/pages"}],"about":[{"href":"https:\/\/www.amppperu.com\/index.php\/wp-json\/wp\/v2\/types\/page"}],"author":[{"embeddable":true,"href":"https:\/\/www.amppperu.com\/index.php\/wp-json\/wp\/v2\/users\/1"}],"replies":[{"embeddable":true,"href":"https:\/\/www.amppperu.com\/index.php\/wp-json\/wp\/v2\/comments?post=668"}],"version-history":[{"count":13,"href":"https:\/\/www.amppperu.com\/index.php\/wp-json\/wp\/v2\/pages\/668\/revisions"}],"predecessor-version":[{"id":927,"href":"https:\/\/www.amppperu.com\/index.php\/wp-json\/wp\/v2\/pages\/668\/revisions\/927"}],"wp:attachment":[{"href":"https:\/\/www.amppperu.com\/index.php\/wp-json\/wp\/v2\/media?parent=668"}],"curies":[{"name":"wp","href":"https:\/\/api.w.org\/{rel}","templated":true}]}}